 + 0 + 1/60*y**5 - 9*y**2 - 1/6*y**h. Determine v(3).
-3
Let o(y) = -y**3 - 3*y**2 + 3*y - 4. Let j be (-7)/(14/4) - -3. Let q be (1 + 15 + -1)/(3/3). Let k be (-12)/q*(j*6 + -1). Calculate o(k).
0
Suppose 36*u = -3*l + 38*u - 12, -l + 2*u = 4. Let c(f) = f**2 + f - 10. What is c(l)?
2
Let u(c) = 3*c**3 + 2*c**2 + 54902085 + 8*c - 2*c**3 - 54902031. What is u(-4)?
-10
Let t(q) = -q**2 - 7*q - 11. Let m(w) = 2*w**2 + 14*w + 22. Let n(i) = 2*m(i) + 5*t(i). Let f(z) = z**3 - z**2 - 34*z + 16. Let a be f(6). Determine n(a).
-19
Let u(s) = s**3 + 5*s**2 + s - 5. Let q be (-6)/8*(-80)/12. Suppose q = 2*w - 15. Let b be ((-4)/w)/((-22)/(-220)). Determine u(b).
7
Let j(n) be the first derivative of 73 - 2*n**3 + 1/4*n**4 - 2*n - 5/2*n**2. What is j(7)?
12
Suppose f + 13 = 2*f - 2*x, 33 = 3*f - 4*x. Let l(s) be the first derivative of s**3/3 - 3*s**2 + 6*s + 3. Determine l(f).
13
Let w(d) = 9*d - 220. Let n be w(25). Let p(l) = l**2 + 2*l - 7. Calculate p(n).
28
Let c(n) = n**3 - 24*n**2 + 45*n - 24. Let w(b) = 596*b + 1810. Let o be w(-3). Calculate c(o).
-2
Let p(b) = -b**3 + 1 - 4 - 6*b + 0*b**3 + 0*b**3 + 7*b**2. Let k(q) = -8*q - 282. Let m be k(-36). Calculate p(m).
-3
Let o(k) = -k - 1. Let s(f) = -4*f - 1. Let g(j) = 5*o(j) - s(j). Suppose 0 = 352*w - 341*w + 616. Let r be 7 + 14/(w/12). Determine g(r).
-8
Let t(v) = v**2 + 9*v - 7. Let a = 211 + -180. Suppose 4*y + 5 = -a. Give t(y).
-7
Suppose -d + 13 - 17 = 0. Let y(k) be the second derivative of -7*k + 0 - 3*k**2 - 1/3*k**3. Calculate y(d).
2
Let m(i) = 372*i - 4. Let o(v) = -203*v + 3. Let c(q) = 6*m(q) + 11*o(q). Let u(z) = -z + 15. Let r be u(7). Determine c(r).
1
Let q(n) = n - 4. Let v(r) = -7 + 0*r + 2*r + 3*r - 2*r - 4*r. Let g be v(-10). Calculate q(g).
-1
Let k(s) = -2*s**3 - 46*s**2 - 43*s + 25. Let w = 1959 + -1981. Give k(w).
3
Let n(h) be the third derivative of -5*h**4/12 - h**3/2 + 1015*h**2. Determine n(-4).
37
Let g(k) be the third derivative of -k**6/120 - 2*k**5/15 - 5*k**4/8 + 4*k**3/3 + 379*k**2 - k. Calculate g(-5).
8
Let c(m) = -m**2 + 3*m + 1. Let l(d) = -8*d - 3*d + 13*d**2 + 3*d - 4 - 11*d**2. Let s be l(5). What is c(s)?
-17
Let b(u) = u**2 - 2. Let j be b(2). Suppose j = d + 6. Let r(p) = -524 - 4*p + 2*p - 508 + 1027. Give r(d).
3
Let z(i) = i + 10. Suppose -8*n + 53 = -43. Let g be 3/(18/n) - 2. Determine z(g).
10
Let g(o) = 17*o**2 - 249 - 18*o**2 + 12*o + 298. Give g(14).
21
Suppose 1819 = -452*o + 11. Let s(t) = -70*t - 278. Give s(o).
2
Let n(i) = i + 15 - 282814*i**2 + 13*i + 282817*i**2. Give n(0).
15
Suppose -4*r + 4 = -4. Let x(q) = 12*q**2 + 6*q**r - 20*q**2. Let o be (-14)/(-18) - 2/(-9). Give x(o).
-2
Let n be (-65)/(-25) - (-1 - 8/(-5)). Let f(y) = -16 + 5*y - 2*y - 4*y + n*y. Calculate f(7).
-9
Suppose 3*t = 34002*n - 33998*n + 78, 3*t = -4*n - 18. Let o(q) = -5 + 2*q + 1 + 1. Give o(t).
17
Let k(r) = r**3 + 6*r**2 + 3*r - 3. Let p be 2/7 + (0 - (-5364)/42). Let u be -1*9*p/192. Determine k(u).
-21
Let o(z) = z**3 - 21*z**2 + 92*z - 34. Let y be o(15). Let v(q) = -17*q - 10. Calculate v(y).
58
Let n(d) be the first derivative of d**4/4 - 7*d**3/3 - d**2 + 31*d + 2122. What is n(5)?
-29
Let w = 738 - 660. Let h(b) = -145 + w - 2*b + 71 - 2*b**2. Let l = -4 - -1. Determine h(l).
-8
Let w(y) be the first derivative of y**4/4 + 19*y**3/3 + 8*y**2 - 5*y + 196. Determine w(-18).
31
Let w(c) = -4*c**2 + 13*c - 4. Let v be 9 - ((-56)/(-16) + (-1)/(-2)). Determine w(v).
-39
Let i(d) = 37*d + 14. Let y(a) = -47*a - 20. Let f(b) = 5*i(b) + 4*y(b). Let v be (-50)/6 - (-2)/6. Determine f(v).
14
Let a(z) = 5*z**2 + 9*z + 77. Let k(g) = 27*g**2 + 41*g + 382. Let p(w) = 11*a(w) - 2*k(w). Give p(-10).
13
Let w(h) = h**3 - 4*h**2 - 4*h - 1. Suppose 752 = 5*p - i, 5*p - 5*i - 438 = 2*p. Let s = p - 146. What is w(s)?
4
Let b = 26 - 19. Let t(z) = 22*z - 99. Let w(n) = 19*n - 85. Let i(o) = -6*t(o) + 7*w(o). Calculate i(b).
6
Suppose -z + 0*z = 0. Let r(g) = -g**2 - 536 + 2*g**3 - 515 + 1060 - g**3. Determine r(z).
9
Let u(j) be the third derivative of -1/24*j**4 + 0 + 0*j + 3/2*j**3 + 2*j**2. What is u(-7)?
16
Let t(r) = r - 1. Suppose 151 = 5*c - 14. Suppose -4*p - 12 = -y - 3*y, -4*p - c = 3*y. Give t(p).
-7
Let f(b) = -8*b + 144. Let i(w) = -9*w + 165. Let k(h) = -6*f(h) + 5*i(h). Give k(12).
-3
Let z be 2518/(-24) + (-16)/192. Let b be ((-30)/7 - -4)/((-15)/z). Let p(h) be the first derivative of -h**4 - h**3 + h - 2. Calculate p(b).
21
Let c(x) be the second derivative of 0 + 5/2*x**3 + 1/20*x**5 - 13/12*x**4 + 11*x - 7/2*x**2. Calculate c(12).
29
Suppose -2*w = 2*c + 12, -3*c - 58 = -9*w - 52. Let y(r) = -74*r + 9. What is y(w)?
83
Let j be (-12)/90 - (3 - (1 + 248/60)). Let a(u) be the first derivative of -1/2*u**j + 19 - 8*u. Give a(-6).
-2
Suppose 0 = -6*f + 59 - 17. Let z = 7 + 1. Let p(w) = -z*w + 17*w - 7*w + 6. Give p(f).
20
Let v(p) = -2*p**3 - 2*p**2 + 2*p + 6. Let o(b) = b**3 - b**2 - 1. Let m(c) = -3*o(c) - v(c). Let x = -50 - -59. Suppose 0 = x*q - 3*q - 18. Determine m(q).
9
Let w(r) be the first derivative of 2 + 4*r - 1/2*r**2. Let b(y) = 9*y - 100. Let j be b(12). What is w(j)?
-4
Let v(k) = -k**3 - 2*k**2 - 2*k - 2. Let h = 164 + -144. Let z be 4*(-15)/h - -1. Give v(z).
2
Let p(f) = 59*f - 30. Let b(r) = -36*r + 14. Let s(m) = 5*b(m) + 3*p(m). Determine s(-3).
-11
Suppose -4*s = 21 - 77. Let f be (s/(-3))/2*-3. Let t(c) be the third derivative of c**5/60 - c**4/4 - 3*c**3/2 - 23*c**2. What is t(f)?
-2
Let z(i) be the first derivative of i**4/12 + 2*i**3/3 + i**2 + 87*i - 53. Let m(l) be the second derivative of z(l). Determine m(-6).
-8
Suppose -l - 11 = b, 4*l = -3*b + 11 - 48. Let x(k) be the third derivative of -k**4/24 - 7*k**3/6 - 15535*k**2. Determine x(b).
0
Let z(h) be the first derivative of -5*h**3/3 + 3*h**2 + 5*h + 699. Calculate z(5).
-90
Suppose -23 = 5*a + 2. Let v(m) = -23 - 4158*m + 17*m**2 + 3 - 6*m**3 + 4149*m. Let b(i) = -i**3 + i**2 - 1. Let k(s) = a*b(s) + v(s). Determine k(11).
7
Suppose -3*w - 11 = 5*p, -3*p = -w + 6*w + 29. Let c(n) be the first derivative of 3*n**2/2 + 6*n + 97. What is c(w)?
-15
Let x(m) be the third derivative of -m**4/24 + m**3 + m**2. Let h be (-1*318/8)/(12/(-32)). Let t = h - 99. What is x(t)?
-1
Suppose 263 + 847 = 141*n + 123. Let w(v) = -2*v**2 + 16*v - 15. Calculate w(n).
-1
Let a(h) = -53*h. Let b(r) = -13*r. Let z(q) = -2*a(q) + 9*b(q). Let l = 8 + 2. Suppose 0 = 13*c - l*c + 3. Determine z(c).
11
Let h be (13 - 8)*1/((-15)/63). Let t be 7/h - 62/(-6). Let f(u) = -u**3 + 11*u**2 - 10*u - 2. Give f(t).
-2
Let w = -52 - -53. Let r(s) = -w + 147*s - 147*s + 2 - s**2. Suppose 5*h = 2*h. What is r(h)?
1
Let u = 27 - 25. Suppose -u*f + 0*f = -4. Suppose 0 = 3*j + x - 22, -2*j - f*j - 4*x + 40 = 0. Let c(o) = -2*o + 4. Give c(j).
-8
Suppose -2 = -3*t + 7. Suppose -2*a + 4*g = 0, -t*a - g + 16 = g. Let p(w) = 0 + 22*w - 42*w + 1 + 21*w. Determine p(a).
5
Let x(v) = -v**2 - 14*v - 41. Let y be x(-9). Suppose 5*d = 3*n - 1, -d + y*d - 4*n = -5. Let i(k) = 5*k**2 + k + 1. What is i(d)?
7
Let s(b) = b**3 + 3*b**2 - 4*b + 1. Let v(u) = u**2 - 16*u + 30. Let a be v(13). Let t be -2 - (2 + (a - -1)). Suppose -12 = -t*h + 8*h. Give s(h).
13
Let g = 8233 - 8211. Let r(c) = -5*c + 126. What is r(g)?
16
Let g be -10 - (0 + 1 - 1). Let u(s) = -4*s**2 + 14*s. Let a(j) = 5*j**2 - 15*j - 1. Let t be (-1)/(-2)*(-6 + 2)*3. Let f(v) = t*u(v) - 5*a(v). What is f(g)?
-5
Let g(d) = d**3 - 12*d**2 + 6*d - 72. Suppose h + 3*s - 6 = 0, 5*s = -3*h - h + 38. Calculate g(h).
0
Let h(m) = 4*m + 2. Let g(w) = -w + 1. Let l(p) = 3*g(p) + h(p). Let n = 228 + -209. Suppose -16*i + n*i = 4*k - 16, -13 = k - 5*i. What is l(k)?
12
Let g(t) = -t**3 + 4*t**2 + 3*t + 5. Let n(y) = y**3 - 11*y**2 - 29*y + 44. Let r be n(13). What is g(r)?
-5
Let p(d) = -d**3 + 8*d**2 - 7*d - 7. Let m(t) = -8*t - 16. Let o be m(-9). Let q be 24/16*o/12. Give p(q).
-7
Let l(x) = 39*x + 4 + 30*x + 40*x - 143*x + 42*x. Determine l(4).
36
Let x(p) = -61*p**2 - 54*p + 261. Let c(y) = 35*y**2 + 27*y - 131. Let b(o) = 7*c(o) + 4*x(o). Calculate b(22).
17
Suppose 24 = -u - 3*u. Let f(l) = -5*l**2 - 31*l - 3. Let r be f(u). Let y(a) = -a + 2. Calculate y(r).
-1
Suppose n + 381 = -2*n. Let d be (-6 - -254)/(-7 - 45/(-5)). Let l = d + n. Let c(s) = -s**3 - 4*